{"id":5507,"date":"2025-08-05T16:37:36","date_gmt":"2025-08-05T13:37:36","guid":{"rendered":"https:\/\/tekcevisa.com\/tr\/?page_id=5507"},"modified":"2025-08-18T16:00:44","modified_gmt":"2025-08-18T13:00:44","slug":"ispanyada-kar-amaci-gutmeyen-vize","status":"publish","type":"page","link":"https:\/\/tekcevisa.com\/tr\/oturum-izni\/ispanya\/ispanyada-kar-amaci-gutmeyen-vize\/","title":{"rendered":"\u0130spanya\u2019da K\u00e2r Amac\u0131 G\u00fctmeyen Vize"},"content":{"rendered":"","protected":false},"excerpt":{"rendered":"","protected":false},"author":8,"featured_media":0,"parent":4119,"menu_order":0,"comment_status":"closed","ping_status":"closed","template":"","meta":{"footnotes":""},"class_list":["post-5507","page","type-page","status-publish","hentry"],"yoast_head":"<!-- This site is optimized with the Yoast SEO plugin v24.2 - https:\/\/yoast.com\/wordpress\/plugins\/seo\/ -->\n<title>TEKCE VISA - \u0130spanya K\u00e2r Amac\u0131 G\u00fctmeyen Vize<\/title>\n<meta name=\"description\" content=\"\u0130spanya\u2019da yasal olarak ya\u015famak m\u0131 istiyorsunuz? TEKCE VISA, K\u00e2r Amac\u0131 G\u00fctmeyen Vize ba\u015fvurunuzda size rehberlik ediyor.\" \/>\n<meta name=\"robots\" content=\"index, follow, max-snippet:-1, max-image-preview:large, max-video-preview:-1\" \/>\n<link rel=\"canonical\" href=\"https:\/\/tekcevisa.com\/tr\/oturum-izni\/ispanya\/ispanyada-kar-amaci-gutmeyen-vize\/\" \/>\n<meta property=\"og:locale\" content=\"tr_TR\" \/>\n<meta property=\"og:type\" content=\"article\" \/>\n<meta property=\"og:title\" content=\"TEKCE VISA - \u0130spanya K\u00e2r Amac\u0131 G\u00fctmeyen Vize\" \/>\n<meta property=\"og:description\" content=\"\u0130spanya\u2019da yasal olarak ya\u015famak m\u0131 istiyorsunuz? TEKCE VISA, K\u00e2r Amac\u0131 G\u00fctmeyen Vize ba\u015fvurunuzda size rehberlik ediyor.\" \/>\n<meta property=\"og:url\" content=\"https:\/\/tekcevisa.com\/tr\/oturum-izni\/ispanya\/ispanyada-kar-amaci-gutmeyen-vize\/\" \/>\n<meta property=\"og:site_name\" content=\"Tekce Visa\" \/>\n<meta property=\"article:publisher\" content=\"https:\/\/www.instagram.com\/tekcevisa\/\" \/>\n<meta property=\"article:modified_time\" content=\"2025-08-18T13:00:44+00:00\" \/>\n<meta name=\"twitter:card\" content=\"summary_large_image\" \/>\n<script type=\"application\/ld+json\" class=\"yoast-schema-graph\">{\"@context\":\"https:\/\/schema.org\",\"@graph\":[{\"@type\":\"WebPage\",\"@id\":\"https:\/\/tekcevisa.com\/tr\/oturum-izni\/ispanya\/ispanyada-kar-amaci-gutmeyen-vize\/\",\"url\":\"https:\/\/tekcevisa.com\/tr\/oturum-izni\/ispanya\/ispanyada-kar-amaci-gutmeyen-vize\/\",\"name\":\"TEKCE VISA - \u0130spanya K\u00e2r Amac\u0131 G\u00fctmeyen Vize\",\"isPartOf\":{\"@id\":\"https:\/\/tekcevisa.com\/tr\/#website\"},\"datePublished\":\"2025-08-05T13:37:36+00:00\",\"dateModified\":\"2025-08-18T13:00:44+00:00\",\"description\":\"\u0130spanya\u2019da yasal olarak ya\u015famak m\u0131 istiyorsunuz? TEKCE VISA, K\u00e2r Amac\u0131 G\u00fctmeyen Vize ba\u015fvurunuzda size rehberlik ediyor.\",\"breadcrumb\":{\"@id\":\"https:\/\/tekcevisa.com\/tr\/oturum-izni\/ispanya\/ispanyada-kar-amaci-gutmeyen-vize\/#breadcrumb\"},\"inLanguage\":\"tr\",\"potentialAction\":[{\"@type\":\"ReadAction\",\"target\":[\"https:\/\/tekcevisa.com\/tr\/oturum-izni\/ispanya\/ispanyada-kar-amaci-gutmeyen-vize\/\"]}]},{\"@type\":\"BreadcrumbList\",\"@id\":\"https:\/\/tekcevisa.com\/tr\/oturum-izni\/ispanya\/ispanyada-kar-amaci-gutmeyen-vize\/#breadcrumb\",\"itemListElement\":[{\"@type\":\"ListItem\",\"position\":1,\"name\":\"Ana Sayfa\",\"item\":\"https:\/\/tekcevisa.com\/tr\/\"},{\"@type\":\"ListItem\",\"position\":2,\"name\":\"Oturum \u0130zni\",\"item\":\"https:\/\/tekcevisa.com\/tr\/oturum-izni\/\"},{\"@type\":\"ListItem\",\"position\":3,\"name\":\"\u0130spanya\",\"item\":\"https:\/\/tekcevisa.com\/tr\/oturum-izni\/ispanya\/\"},{\"@type\":\"ListItem\",\"position\":4,\"name\":\"\u0130spanya\u2019da K\u00e2r Amac\u0131 G\u00fctmeyen Vize\"}]},{\"@type\":\"WebSite\",\"@id\":\"https:\/\/tekcevisa.com\/tr\/#website\",\"url\":\"https:\/\/tekcevisa.com\/tr\/\",\"name\":\"Tekce Visa - Uluslararas\u0131 Hukuki Dan\u0131\u015fmanl\u0131k\",\"description\":\"Uluslararas\u0131 Hukuki Dan\u0131\u015fmanl\u0131k\",\"publisher\":{\"@id\":\"https:\/\/tekcevisa.com\/tr\/#organization\"},\"potentialAction\":[{\"@type\":\"SearchAction\",\"target\":{\"@type\":\"EntryPoint\",\"urlTemplate\":\"https:\/\/tekcevisa.com\/tr\/?s={search_term_string}\"},\"query-input\":{\"@type\":\"PropertyValueSpecification\",\"valueRequired\":true,\"valueName\":\"search_term_string\"}}],\"inLanguage\":\"tr\"},{\"@type\":\"Organization\",\"@id\":\"https:\/\/tekcevisa.com\/tr\/#organization\",\"name\":\"Tekce Visa\",\"url\":\"https:\/\/tekcevisa.com\/tr\/\",\"logo\":{\"@type\":\"ImageObject\",\"inLanguage\":\"tr\",\"@id\":\"https:\/\/tekcevisa.com\/tr\/#\/schema\/logo\/image\/\",\"url\":\"https:\/\/tekcevisa.com\/tr\/wp-content\/uploads\/2025\/08\/ah-tekce-visa-opened-1-removebg-preview.png\",\"contentUrl\":\"https:\/\/tekcevisa.com\/tr\/wp-content\/uploads\/2025\/08\/ah-tekce-visa-opened-1-removebg-preview.png\",\"width\":360,\"height\":360,\"caption\":\"Tekce Visa\"},\"image\":{\"@id\":\"https:\/\/tekcevisa.com\/tr\/#\/schema\/logo\/image\/\"},\"sameAs\":[\"https:\/\/www.instagram.com\/tekcevisa\/\"]}]}<\/script>\n<!-- \/ Yoast SEO plugin. -->","yoast_head_json":{"title":"TEKCE VISA - \u0130spanya K\u00e2r Amac\u0131 G\u00fctmeyen Vize","description":"\u0130spanya\u2019da yasal olarak ya\u015famak m\u0131 istiyorsunuz? TEKCE VISA, K\u00e2r Amac\u0131 G\u00fctmeyen Vize ba\u015fvurunuzda size rehberlik ediyor.","robots":{"index":"index","follow":"follow","max-snippet":"max-snippet:-1","max-image-preview":"max-image-preview:large","max-video-preview":"max-video-preview:-1"},"canonical":"https:\/\/tekcevisa.com\/tr\/oturum-izni\/ispanya\/ispanyada-kar-amaci-gutmeyen-vize\/","og_locale":"tr_TR","og_type":"article","og_title":"TEKCE VISA - \u0130spanya K\u00e2r Amac\u0131 G\u00fctmeyen Vize","og_description":"\u0130spanya\u2019da yasal olarak ya\u015famak m\u0131 istiyorsunuz? TEKCE VISA, K\u00e2r Amac\u0131 G\u00fctmeyen Vize ba\u015fvurunuzda size rehberlik ediyor.","og_url":"https:\/\/tekcevisa.com\/tr\/oturum-izni\/ispanya\/ispanyada-kar-amaci-gutmeyen-vize\/","og_site_name":"Tekce Visa","article_publisher":"https:\/\/www.instagram.com\/tekcevisa\/","article_modified_time":"2025-08-18T13:00:44+00:00","twitter_card":"summary_large_image","schema":{"@context":"https:\/\/schema.org","@graph":[{"@type":"WebPage","@id":"https:\/\/tekcevisa.com\/tr\/oturum-izni\/ispanya\/ispanyada-kar-amaci-gutmeyen-vize\/","url":"https:\/\/tekcevisa.com\/tr\/oturum-izni\/ispanya\/ispanyada-kar-amaci-gutmeyen-vize\/","name":"TEKCE VISA - \u0130spanya K\u00e2r Amac\u0131 G\u00fctmeyen Vize","isPartOf":{"@id":"https:\/\/tekcevisa.com\/tr\/#website"},"datePublished":"2025-08-05T13:37:36+00:00","dateModified":"2025-08-18T13:00:44+00:00","description":"\u0130spanya\u2019da yasal olarak ya\u015famak m\u0131 istiyorsunuz? TEKCE VISA, K\u00e2r Amac\u0131 G\u00fctmeyen Vize ba\u015fvurunuzda size rehberlik ediyor.","breadcrumb":{"@id":"https:\/\/tekcevisa.com\/tr\/oturum-izni\/ispanya\/ispanyada-kar-amaci-gutmeyen-vize\/#breadcrumb"},"inLanguage":"tr","potentialAction":[{"@type":"ReadAction","target":["https:\/\/tekcevisa.com\/tr\/oturum-izni\/ispanya\/ispanyada-kar-amaci-gutmeyen-vize\/"]}]},{"@type":"BreadcrumbList","@id":"https:\/\/tekcevisa.com\/tr\/oturum-izni\/ispanya\/ispanyada-kar-amaci-gutmeyen-vize\/#breadcrumb","itemListElement":[{"@type":"ListItem","position":1,"name":"Ana Sayfa","item":"https:\/\/tekcevisa.com\/tr\/"},{"@type":"ListItem","position":2,"name":"Oturum \u0130zni","item":"https:\/\/tekcevisa.com\/tr\/oturum-izni\/"},{"@type":"ListItem","position":3,"name":"\u0130spanya","item":"https:\/\/tekcevisa.com\/tr\/oturum-izni\/ispanya\/"},{"@type":"ListItem","position":4,"name":"\u0130spanya\u2019da K\u00e2r Amac\u0131 G\u00fctmeyen Vize"}]},{"@type":"WebSite","@id":"https:\/\/tekcevisa.com\/tr\/#website","url":"https:\/\/tekcevisa.com\/tr\/","name":"Tekce Visa - Uluslararas\u0131 Hukuki Dan\u0131\u015fmanl\u0131k","description":"Uluslararas\u0131 Hukuki Dan\u0131\u015fmanl\u0131k","publisher":{"@id":"https:\/\/tekcevisa.com\/tr\/#organization"},"potentialAction":[{"@type":"SearchAction","target":{"@type":"EntryPoint","urlTemplate":"https:\/\/tekcevisa.com\/tr\/?s={search_term_string}"},"query-input":{"@type":"PropertyValueSpecification","valueRequired":true,"valueName":"search_term_string"}}],"inLanguage":"tr"},{"@type":"Organization","@id":"https:\/\/tekcevisa.com\/tr\/#organization","name":"Tekce Visa","url":"https:\/\/tekcevisa.com\/tr\/","logo":{"@type":"ImageObject","inLanguage":"tr","@id":"https:\/\/tekcevisa.com\/tr\/#\/schema\/logo\/image\/","url":"https:\/\/tekcevisa.com\/tr\/wp-content\/uploads\/2025\/08\/ah-tekce-visa-opened-1-removebg-preview.png","contentUrl":"https:\/\/tekcevisa.com\/tr\/wp-content\/uploads\/2025\/08\/ah-tekce-visa-opened-1-removebg-preview.png","width":360,"height":360,"caption":"Tekce Visa"},"image":{"@id":"https:\/\/tekcevisa.com\/tr\/#\/schema\/logo\/image\/"},"sameAs":["https:\/\/www.instagram.com\/tekcevisa\/"]}]}},"_links":{"self":[{"href":"https:\/\/tekcevisa.com\/tr\/wp-json\/wp\/v2\/pages\/5507","targetHints":{"allow":["GET"]}}],"collection":[{"href":"https:\/\/tekcevisa.com\/tr\/wp-json\/wp\/v2\/pages"}],"about":[{"href":"https:\/\/tekcevisa.com\/tr\/wp-json\/wp\/v2\/types\/page"}],"author":[{"embeddable":true,"href":"https:\/\/tekcevisa.com\/tr\/wp-json\/wp\/v2\/users\/8"}],"replies":[{"embeddable":true,"href":"https:\/\/tekcevisa.com\/tr\/wp-json\/wp\/v2\/comments?post=5507"}],"version-history":[{"count":1,"href":"https:\/\/tekcevisa.com\/tr\/wp-json\/wp\/v2\/pages\/5507\/revisions"}],"predecessor-version":[{"id":5508,"href":"https:\/\/tekcevisa.com\/tr\/wp-json\/wp\/v2\/pages\/5507\/revisions\/5508"}],"up":[{"embeddable":true,"href":"https:\/\/tekcevisa.com\/tr\/wp-json\/wp\/v2\/pages\/4119"}],"wp:attachment":[{"href":"https:\/\/tekcevisa.com\/tr\/wp-json\/wp\/v2\/media?parent=5507"}],"curies":[{"name":"wp","href":"https:\/\/api.w.org\/{rel}","templated":true}]}}

İspanya’da Kâr Amacı Gütmeyen Vize

<!-- This site is optimized with the Yoast SEO plugin v24.2 - https://yoast.com/wordpress/plugins/seo/ -->
<title>TEKCE VISA - İspanya Kâr Amacı Gütmeyen Vize</title>
<meta name="description" content="İspanya’da yasal olarak yaşamak mı istiyorsunuz? TEKCE VISA, Kâr Amacı Gütmeyen Vize başvurunuzda size rehberlik ediyor." />
<meta name="robots" content="index, follow, max-snippet:-1, max-image-preview:large, max-video-preview:-1" />
<link rel="canonical" href="https://tekcevisa.com/tr/oturum-izni/ispanya/ispanyada-kar-amaci-gutmeyen-vize/" />
<meta property="og:locale" content="tr_TR" />
<meta property="og:type" content="article" />
<meta property="og:title" content="TEKCE VISA - İspanya Kâr Amacı Gütmeyen Vize" />
<meta property="og:description" content="İspanya’da yasal olarak yaşamak mı istiyorsunuz? TEKCE VISA, Kâr Amacı Gütmeyen Vize başvurunuzda size rehberlik ediyor." />
<meta property="og:url" content="https://tekcevisa.com/tr/oturum-izni/ispanya/ispanyada-kar-amaci-gutmeyen-vize/" />
<meta property="og:site_name" content="Tekce Visa" />
<meta property="article:publisher" content="https://www.instagram.com/tekcevisa/" />
<meta property="article:modified_time" content="2025-08-18T13:00:44+00:00" />
<meta name="twitter:card" content="summary_large_image" />
<script type="application/ld+json" class="yoast-schema-graph">{"@context":"https://schema.org","@graph":[{"@type":"WebPage","@id":"https://tekcevisa.com/tr/oturum-izni/ispanya/ispanyada-kar-amaci-gutmeyen-vize/","url":"https://tekcevisa.com/tr/oturum-izni/ispanya/ispanyada-kar-amaci-gutmeyen-vize/","name":"TEKCE VISA - İspanya Kâr Amacı Gütmeyen Vize","isPartOf":{"@id":"https://tekcevisa.com/tr/#website"},"datePublished":"2025-08-05T13:37:36+00:00","dateModified":"2025-08-18T13:00:44+00:00","description":"İspanya’da yasal olarak yaşamak mı istiyorsunuz? TEKCE VISA, Kâr Amacı Gütmeyen Vize başvurunuzda size rehberlik ediyor.","breadcrumb":{"@id":"https://tekcevisa.com/tr/oturum-izni/ispanya/ispanyada-kar-amaci-gutmeyen-vize/#breadcrumb"},"inLanguage":"tr","potentialAction":[{"@type":"ReadAction","target":["https://tekcevisa.com/tr/oturum-izni/ispanya/ispanyada-kar-amaci-gutmeyen-vize/"]}]},{"@type":"BreadcrumbList","@id":"https://tekcevisa.com/tr/oturum-izni/ispanya/ispanyada-kar-amaci-gutmeyen-vize/#breadcrumb","itemListElement":[{"@type":"ListItem","position":1,"name":"Ana Sayfa","item":"https://tekcevisa.com/tr/"},{"@type":"ListItem","position":2,"name":"Oturum İzni","item":"https://tekcevisa.com/tr/oturum-izni/"},{"@type":"ListItem","position":3,"name":"İspanya","item":"https://tekcevisa.com/tr/oturum-izni/ispanya/"},{"@type":"ListItem","position":4,"name":"İspanya’da Kâr Amacı Gütmeyen Vize"}]},{"@type":"WebSite","@id":"https://tekcevisa.com/tr/#website","url":"https://tekcevisa.com/tr/","name":"Tekce Visa - Uluslararası Hukuki Danışmanlık","description":"Uluslararası Hukuki Danışmanlık","publisher":{"@id":"https://tekcevisa.com/tr/#organization"},"potentialAction":[{"@type":"SearchAction","target":{"@type":"EntryPoint","urlTemplate":"https://tekcevisa.com/tr/?s={search_term_string}"},"query-input":{"@type":"PropertyValueSpecification","valueRequired":true,"valueName":"search_term_string"}}],"inLanguage":"tr"},{"@type":"Organization","@id":"https://tekcevisa.com/tr/#organization","name":"Tekce Visa","url":"https://tekcevisa.com/tr/","logo":{"@type":"ImageObject","inLanguage":"tr","@id":"https://tekcevisa.com/tr/#/schema/logo/image/","url":"https://tekcevisa.com/tr/wp-content/uploads/2025/08/ah-tekce-visa-opened-1-removebg-preview.png","contentUrl":"https://tekcevisa.com/tr/wp-content/uploads/2025/08/ah-tekce-visa-opened-1-removebg-preview.png","width":360,"height":360,"caption":"Tekce Visa"},"image":{"@id":"https://tekcevisa.com/tr/#/schema/logo/image/"},"sameAs":["https://www.instagram.com/tekcevisa/"]}]}</script>
<!-- / Yoast SEO plugin. -->

TEKCE VISA - İspanya Kâr Amacı Gütmeyen Vize

İspanya’da yasal olarak yaşamak mı istiyorsunuz? TEKCE VISA, Kâr Amacı Gütmeyen Vize başvurunuzda size rehberlik ediyor.

Oturum İzni

İspanya

Tekce Visa - Uluslararası Hukuki Danışmanlık

Uluslararası Hukuki Danışmanlık
